{"id":104,"date":"2023-12-20T16:14:19","date_gmt":"2023-12-20T15:14:19","guid":{"rendered":"http:\/\/astroenbaiedarmor.astrosurf.com\/?page_id=104"},"modified":"2024-05-30T14:50:59","modified_gmt":"2024-05-30T12:50:59","slug":"quelques-blogs-dastronomie","status":"publish","type":"page","link":"https:\/\/astroenbaiedarmor.astrosurf.com\/?page_id=104","title":{"rendered":"Quelques blogs astronomiques"},"content":{"rendered":"\n<div class=\"wp-block-media-text is-stacked-on-mobile\" style=\"grid-template-columns:15% auto\"><figure class=\"wp-block-media-text__media\"><a href=\"https:\/\/saf-astronomie.fr\/reseau-alain-le-gue\/\" target=\"_blank\" rel=\"noreferrer noopener\"><img loading=\"lazy\" decoding=\"async\" width=\"180\" height=\"180\" src=\"https:\/\/astroenbaiedarmor.astrosurf.com\/wp-content\/uploads\/2023\/09\/Alain-Le-Gue\u0301-180x180-2.png\" alt=\"\" class=\"wp-image-154 size-full\" srcset=\"https:\/\/astroenbaiedarmor.astrosurf.com\/wp-content\/uploads\/2023\/09\/Alain-Le-Gue\u0301-180x180-2.png 180w, https:\/\/astroenbaiedarmor.astrosurf.com\/wp-content\/uploads\/2023\/09\/Alain-Le-Gue\u0301-180x180-2-150x150.png 150w\" sizes=\"auto, (max-width: 180px) 100vw, 180px\" \/><\/a><\/figure><div class=\"wp-block-media-text__content\">\n<p><a rel=\"noreferrer noopener\" href=\"https:\/\/saf-astronomie.fr\/reseau-alain-le-gue\/\" target=\"_blank\">Alain Le Gu\u00e9<\/a><br>Animateur d&rsquo;ABA et correspondant de la SAF<\/p>\n<\/div><\/div>\n\n\n\n<div style=\"height:4px\" aria-hidden=\"true\" class=\"wp-block-spacer\"><\/div>\n\n\n\n<div class=\"wp-block-media-text is-stacked-on-mobile\" style=\"grid-template-columns:15% auto\"><figure class=\"wp-block-media-text__media\"><a href=\"http:\/\/www.astrosurf.com\/blogs\/blog\/5-astronomie-au-fond-du-jardin\/\" target=\"_blank\" rel=\"noreferrer noopener\"><img loading=\"lazy\" decoding=\"async\" width=\"138\" height=\"136\" src=\"https:\/\/astroenbaiedarmor.astrosurf.com\/wp-content\/uploads\/2023\/09\/geram22.png\" alt=\"\" class=\"wp-image-191 size-full\"\/><\/a><\/figure><div class=\"wp-block-media-text__content\">\n<p><a href=\"http:\/\/www.astrosurf.com\/blogs\/blog\/5-astronomie-au-fond-du-jardin\/\" target=\"_blank\" rel=\"noreferrer noopener\">Astronomie au fond du jardin<\/a><br>Le blog de G\u00e9rard Parent sur Astrosurf, membre d&rsquo;ABA pendant de nombreuses ann\u00e9es.<\/p>\n<\/div><\/div>\n\n\n\n<div style=\"height:4px\" aria-hidden=\"true\" class=\"wp-block-spacer\"><\/div>\n\n\n\n<div class=\"wp-block-media-text is-stacked-on-mobile\" style=\"grid-template-columns:15% auto\"><figure class=\"wp-block-media-text__media\"><a href=\"https:\/\/blogs.futura-sciences.com\/luminet\/\" target=\"_blank\" rel=\"noreferrer noopener\"><img loading=\"lazy\" decoding=\"async\" width=\"440\" height=\"440\" src=\"https:\/\/astroenbaiedarmor.astrosurf.com\/wp-content\/uploads\/2023\/09\/jp-luminet-blog.jpg\" alt=\"\" class=\"wp-image-203 size-full\" srcset=\"https:\/\/astroenbaiedarmor.astrosurf.com\/wp-content\/uploads\/2023\/09\/jp-luminet-blog.jpg 440w, https:\/\/astroenbaiedarmor.astrosurf.com\/wp-content\/uploads\/2023\/09\/jp-luminet-blog-300x300.jpg 300w, https:\/\/astroenbaiedarmor.astrosurf.com\/wp-content\/uploads\/2023\/09\/jp-luminet-blog-150x150.jpg 150w\" sizes=\"auto, (max-width: 440px) 100vw, 440px\" \/><\/a><\/figure><div class=\"wp-block-media-text__content\">\n<p><a href=\"https:\/\/blogs.futura-sciences.com\/luminet\/\" target=\"_blank\" rel=\"noreferrer noopener\">LUMINESCIENCES<\/a><br>Le blog de Jean-Pierre Luminet, astrophysicien \u00e0 l&rsquo;observatoire de Paris-Meudon, \u00e9crivain, po\u00e8te et auteurs de nombreux ouvrages.<\/p>\n<\/div><\/div>\n\n\n\n<div style=\"height:4px\" aria-hidden=\"true\" class=\"wp-block-spacer\"><\/div>\n\n\n\n<div class=\"wp-block-media-text is-stacked-on-mobile\" style=\"grid-template-columns:15% auto\"><figure class=\"wp-block-media-text__media\"><a href=\"https:\/\/blogs.futura-sciences.com\/feldmann\/\" target=\"_blank\" rel=\"noreferrer noopener\"><img loading=\"lazy\" decoding=\"async\" width=\"336\" height=\"336\" src=\"https:\/\/astroenbaiedarmor.astrosurf.com\/wp-content\/uploads\/2023\/09\/feldmann-blog-logo-2.png\" alt=\"\" class=\"wp-image-205 size-full\" srcset=\"https:\/\/astroenbaiedarmor.astrosurf.com\/wp-content\/uploads\/2023\/09\/feldmann-blog-logo-2.png 336w, https:\/\/astroenbaiedarmor.astrosurf.com\/wp-content\/uploads\/2023\/09\/feldmann-blog-logo-2-300x300.png 300w, https:\/\/astroenbaiedarmor.astrosurf.com\/wp-content\/uploads\/2023\/09\/feldmann-blog-logo-2-150x150.png 150w\" sizes=\"auto, (max-width: 336px) 100vw, 336px\" \/><\/a><\/figure><div class=\"wp-block-media-text__content\">\n<p><a rel=\"noreferrer noopener\" href=\"https:\/\/blogs.futura-sciences.com\/feldmann\/\" target=\"_blank\">CIELMANIA<\/a><br>Le blog de Jean-Baptiste Feldmann, photographe amateur et passionn\u00e9 d\u2019Astronomie.<\/p>\n<\/div><\/div>\n\n\n\n<div style=\"height:4px\" aria-hidden=\"true\" class=\"wp-block-spacer\"><\/div>\n\n\n\n<div class=\"wp-block-media-text is-stacked-on-mobile\" style=\"grid-template-columns:15% auto\"><figure class=\"wp-block-media-text__media\"><a href=\"https:\/\/www.lemonde.fr\/blog\/autourduciel\/\" target=\"_blank\" rel=\"noreferrer noopener\"><img loading=\"lazy\" decoding=\"async\" width=\"100\" height=\"100\" src=\"https:\/\/astroenbaiedarmor.astrosurf.com\/wp-content\/uploads\/2023\/09\/autour-du-ciel-blog.png\" alt=\"\" class=\"wp-image-208 size-full\"\/><\/a><\/figure><div class=\"wp-block-media-text__content\">\n<p><a href=\"https:\/\/www.lemonde.fr\/blog\/autourduciel\/\" target=\"_blank\" rel=\"noreferrer noopener\">Autour du Ciel<\/a><br>Le blog de Guillaume Cannat, auteur scientifique au journal Le Monde. <\/p>\n<\/div><\/div>\n\n\n\n<div style=\"height:4px\" aria-hidden=\"true\" class=\"wp-block-spacer\"><\/div>\n\n\n\n<div class=\"wp-block-media-text is-stacked-on-mobile\" style=\"grid-template-columns:15% auto\"><figure class=\"wp-block-media-text__media\"><a href=\"http:\/\/rouxph.blogspot.com\/search\/label\/astronomie\" target=\"_blank\" rel=\"noreferrer noopener\"><img loading=\"lazy\" decoding=\"async\" width=\"176\" height=\"176\" src=\"https:\/\/astroenbaiedarmor.astrosurf.com\/wp-content\/uploads\/2024\/05\/philippe-roux.jpg\" alt=\"\" class=\"wp-image-649 size-full\" srcset=\"https:\/\/astroenbaiedarmor.astrosurf.com\/wp-content\/uploads\/2024\/05\/philippe-roux.jpg 176w, https:\/\/astroenbaiedarmor.astrosurf.com\/wp-content\/uploads\/2024\/05\/philippe-roux-150x150.jpg 150w\" sizes=\"auto, (max-width: 176px) 100vw, 176px\" \/><\/a><\/figure><div class=\"wp-block-media-text__content\">\n<p><a href=\"http:\/\/rouxph.blogspot.com\/search\/label\/astronomie\" target=\"_blank\" rel=\"noreferrer noopener\">weblog de Philippe Roux<\/a><br>Passionn\u00e9 de math\u00e9matiques, d&rsquo;astronomie, d&rsquo;informatique, de sport nature&#8230; et professeur \u00e0 l&rsquo;Universit\u00e9 de Rennes 1 \u00e0 Lannion.<\/p>\n<\/div><\/div>\n","protected":false},"excerpt":{"rendered":"<p>Alain Le Gu\u00e9Animateur d&rsquo;ABA et correspondant de la SAF Astronomie au fond du jardinLe blog de G\u00e9rard Parent sur Astrosurf, [&hellip;]<\/p>\n","protected":false},"author":1,"featured_media":0,"parent":0,"menu_order":1,"comment_status":"closed","ping_status":"closed","template":"","meta":{"site-sidebar-layout":"default","site-content-layout":"","ast-site-content-layout":"default","site-content-style":"default","site-sidebar-style":"default","ast-global-header-display":"","ast-banner-title-visibility":"","ast-main-header-display":"","ast-hfb-above-header-display":"","ast-hfb-below-header-display":"","ast-hfb-mobile-header-display":"","site-post-title":"","ast-breadcrumbs-content":"","ast-featured-img":"","footer-sml-layout":"","theme-transparent-header-meta":"","adv-header-id-meta":"","stick-header-meta":"","header-above-stick-meta":"","header-main-stick-meta":"","header-below-stick-meta":"","astra-migrate-meta-layouts":"default","ast-page-background-enabled":"default","ast-page-background-meta":{"desktop":{"background-color":"var(--ast-global-color-4)","background-image":"","background-repeat":"repeat","background-position":"center center","background-size":"auto","background-attachment":"scroll","background-type":"","background-media":"","overlay-type":"","overlay-color":"","overlay-opacity":"","overlay-gradient":""},"tablet":{"background-color":"","background-image":"","background-repeat":"repeat","background-position":"center center","background-size":"auto","background-attachment":"scroll","background-type":"","background-media":"","overlay-type":"","overlay-color":"","overlay-opacity":"","overlay-gradient":""},"mobile":{"background-color":"","background-image":"","background-repeat":"repeat","background-position":"center center","background-size":"auto","background-attachment":"scroll","background-type":"","background-media":"","overlay-type":"","overlay-color":"","overlay-opacity":"","overlay-gradient":""}},"ast-content-background-meta":{"desktop":{"background-color":"var(--ast-global-color-5)","background-image":"","background-repeat":"repeat","background-position":"center center","background-size":"auto","background-attachment":"scroll","background-type":"","background-media":"","overlay-type":"","overlay-color":"","overlay-opacity":"","overlay-gradient":""},"tablet":{"background-color":"var(--ast-global-color-5)","background-image":"","background-repeat":"repeat","background-position":"center center","background-size":"auto","background-attachment":"scroll","background-type":"","background-media":"","overlay-type":"","overlay-color":"","overlay-opacity":"","overlay-gradient":""},"mobile":{"background-color":"var(--ast-global-color-5)","background-image":"","background-repeat":"repeat","background-position":"center center","background-size":"auto","background-attachment":"scroll","background-type":"","background-media":"","overlay-type":"","overlay-color":"","overlay-opacity":"","overlay-gradient":""}},"footnotes":""},"class_list":["post-104","page","type-page","status-publish","hentry"],"jetpack_sharing_enabled":true,"_links":{"self":[{"href":"https:\/\/astroenbaiedarmor.astrosurf.com\/index.php?rest_route=\/wp\/v2\/pages\/104","targetHints":{"allow":["GET"]}}],"collection":[{"href":"https:\/\/astroenbaiedarmor.astrosurf.com\/index.php?rest_route=\/wp\/v2\/pages"}],"about":[{"href":"https:\/\/astroenbaiedarmor.astrosurf.com\/index.php?rest_route=\/wp\/v2\/types\/page"}],"author":[{"embeddable":true,"href":"https:\/\/astroenbaiedarmor.astrosurf.com\/index.php?rest_route=\/wp\/v2\/users\/1"}],"replies":[{"embeddable":true,"href":"https:\/\/astroenbaiedarmor.astrosurf.com\/index.php?rest_route=%2Fwp%2Fv2%2Fcomments&post=104"}],"version-history":[{"count":16,"href":"https:\/\/astroenbaiedarmor.astrosurf.com\/index.php?rest_route=\/wp\/v2\/pages\/104\/revisions"}],"predecessor-version":[{"id":679,"href":"https:\/\/astroenbaiedarmor.astrosurf.com\/index.php?rest_route=\/wp\/v2\/pages\/104\/revisions\/679"}],"wp:attachment":[{"href":"https:\/\/astroenbaiedarmor.astrosurf.com\/index.php?rest_route=%2Fwp%2Fv2%2Fmedia&parent=104"}],"curies":[{"name":"wp","href":"https:\/\/api.w.org\/{rel}","templated":true}]}}